{"id":3912,"date":"2020-12-21T10:02:45","date_gmt":"2020-12-21T10:02:45","guid":{"rendered":"https:\/\/wp.7elfen.de\/?page_id=3912"},"modified":"2020-12-27T20:27:09","modified_gmt":"2020-12-27T20:27:09","slug":"agb","status":"publish","type":"page","link":"https:\/\/wp.7elfen.de\/index.php\/agb\/","title":{"rendered":"AGB"},"content":{"rendered":"\t\t<div data-elementor-type=\"wp-page\" data-elementor-id=\"3912\" class=\"elementor elementor-3912\">\n\t\t\t\t\t\t<section class=\"elementor-section elementor-top-section elementor-element elementor-element-aedc558 elementor-section-boxed elementor-section-height-default elementor-section-height-default\" data-id=\"aedc558\" data-element_type=\"section\">\n\t\t\t\t\t\t<div class=\"elementor-container elementor-column-gap-default\">\n\t\t\t\t\t<div class=\"elementor-column elementor-col-50 elementor-top-column elementor-element elementor-element-b8b4206 ot-flex-column-vertical\" data-id=\"b8b4206\" data-element_type=\"column\">\n\t\t\t<div class=\"elementor-widget-wrap elementor-element-populated\">\n\t\t\t\t\t\t<div class=\"elementor-element elementor-element-6328c0d elementor-widget elementor-widget-text-editor\" data-id=\"6328c0d\" data-element_type=\"widget\" data-widget_type=\"text-editor.default\">\n\t\t\t\t<div class=\"elementor-widget-container\">\n\t\t\t\t\t\t\t\t\t<p>Allgemeines<\/p>\n<p>Der Mietvertrag kommt durch schriftliche Vereinbarung zustande, er betrifft auch die in der Mietsache enthaltenen technischen Ger\u00e4te, Anlagen sowie Gegenst\u00e4nde.<\/p>\n<p>Der Mieter verpflichtet sich, die angemieteten R\u00e4ume und Gegenst\u00e4nde pfleglich zu behandeln. Die R\u00e4umlichkeiten d\u00fcrfen nur zu den Ihnen angedachten Zwecken verwendet werden.<\/p>\n<p>Der Mieter verpflichtet sich zur Einhaltung aller gesetzlichen Vorgaben. Der Mieter erkl\u00e4rt seine Vollj\u00e4hrigkeit, bei nicht vollj\u00e4hrigen Personen ist die Unterschrift eines Erziehungsberechtigten notwendig und durch einen amtlich g\u00fcltigen Lichtbildausweis zu hinterlegen. Strafbare Handlungen kommen zur Anzeige und f\u00fchren zum Hausverbot.<\/p>\n<p>Die Arbeit mit minderj\u00e4hrigen Modellen ist nur unter strikter Einhaltung der gesetzlichen Vorschriften und in Begleitung eines Erziehungsberechtigten gestattet und muss vorher angek\u00fcndigt werden.<\/p><p><br><\/p>\n<p>Miete<\/p>\n<p>Die Miete ist vor Anmietung bzw. vor Beginn der Aufnahmen in bar zu entrichten. Nebenkosten, Zusatzleistungen werden zum Ende der Anmietung abgerechnet und ebenfalls in bar gezahlt. Sonderreglungen sind m\u00f6glich, bed\u00fcrfen aber der schriftlichen Form.<\/p>\n<p>Die Benutzung der Grundausstattung ist im Mietpreis enthalten. Nicht im Mietpreis enthalten sind: Studiolichttechnik, Verbrauchsmaterialien, wie z.B. Hintergrundpappe und extra breitgestellte Ausstattungen.<br><\/p>\n<p>Der Kunde ist verpflichtet, den vereinbarten Termin f\u00fcr Beginn und Ende der Mietzeit einzuhalten. Ein von dem Mieter verschuldeter versp\u00e4teter Mietbeginn wird voll berechnet, ein Anspruch auf Mietverl\u00e4ngerung bei Zeit\u00fcberschreitung besteht nicht.<\/p>\n<p>Vereinbarte Termine m\u00fcssen sp\u00e4testens 3 Tage vor geplanten Mietbeginn schriftlich, per e-mail: studio@7elfen.de abgesagt werden. Eine telefonische vorab Info kann erfolgen, entbindet aber nicht von der schriftlichen Absage. Ansonsten werden 50% der Gesamtmiete als pauschaler Schadensersatz f\u00e4llig. Dies entf\u00e4llt, wenn mit der Absage ein Ausweichtermin, jeweils nach Terminverf\u00fcgbarkeit, innerhalb der n\u00e4chsten 14 Tage gebucht und bezahlt wird.<\/p>\n<p>Das vermietete Studio mit allen Bestandteilen bleibt Eigentum des Vermieters.<\/p>\n<p>Der Vermieter beh\u00e4lt w\u00e4hrend der gesamten Mietdauer sein Hausrecht und kann jederzeit die R\u00e4umlichkeiten selbst oder durch eine von ihm beauftragte Person betreten. Der Vermieter nimmt bei laufenden Aufnahmen hierbei die gebotene R\u00fccksicht.<\/p>\n<p>Die Verwendung von Wasser ist au\u00dferhalb des Duschbereichs nur mit Zustimmung des Vermieters gestattet. ACHTUNG Elektrik liegt in Fu\u00dfbodenkan\u00e4len und bedarf besonderer Sicherheitsvorkehrungen.<\/p>\n<p>Rauchen und offenes Feuer sind in den Studior\u00e4umlichkeiten, auch als Effekt f\u00fcr Aufnahmen, nicht gestattet.<\/p>\t\t\t\t\t\t\t\t<\/div>\n\t\t\t\t<\/div>\n\t\t\t\t\t<\/div>\n\t\t<\/div>\n\t\t\t\t<div class=\"elementor-column elementor-col-50 elementor-top-column elementor-element elementor-element-561b328 ot-flex-column-vertical\" data-id=\"561b328\" data-element_type=\"column\">\n\t\t\t<div class=\"elementor-widget-wrap elementor-element-populated\">\n\t\t\t\t\t\t<div class=\"elementor-element elementor-element-2812898 elementor-widget elementor-widget-text-editor\" data-id=\"2812898\" data-element_type=\"widget\" data-widget_type=\"text-editor.default\">\n\t\t\t\t<div class=\"elementor-widget-container\">\n\t\t\t\t\t\t\t\t\t<p>Zustand der R\u00e4ume<\/p><p>Die R\u00e4ume werden in besenreinen Zustand vermietet. Der Zustand ist auf Vollst\u00e4ndigkeit bei Mietbeginn vom Mieter zu pr\u00fcfen. Nutzung der Checkliste, Studio\u00fcbergabe, Beanstandungen m\u00fcssen sofort angezeigt und schriftlich im \u00dcbergabeprotokoll fixiert werden. Bei Mietende muss das Studio und die R\u00e4ume<\/p><p>in gleichen Zustand \u00fcbergeben werden. Die daf\u00fcr ben\u00f6tigte Zeit ist vom Mieter in seiner Mietzeit zu ber\u00fccksichtigen. Sollte sich das Studio und die R\u00e4ume in einem Zustand intensiver Verschmutzung, besonders durch schmutzige Stra\u00dfenschuhe, Cremes und Fettflecken befinden, beh\u00e4lt sich der Vermieter vor, die Reinigung des Studio`s und der R\u00e4umlichkeiten zuz\u00fcglich der daraus entstehenden Folgekosten (Mietausfall, Ausfallkosten weiterer Mieter ) in Rechnung zu stellen.<\/p><p>Der Mieter ist verpflichtet, etwaige M\u00e4ngel der Mietsache sofort dem Vermieter zu melden und alles zu tun, um zu einer Behebung des Defekts beizutragen und eventuelle Sch\u00e4den so gering wie m\u00f6glich zu halten.<\/p><p>\u00a0<\/p><p>Haftung<\/p><p>Der Mieter handelt nach \u00dcbernahme der vermieteten R\u00e4ume und Gegenst\u00e4nde auf eigene Verantwortung. Er \u00fcbernimmt die Haftung f\u00fcr die Einrichtung des Studios \u00fcber die gesamte Mietzeit und haftet in vollem Umfang f\u00fcr eventuell entstandene Sch\u00e4den (Besch\u00e4digung der Ger\u00e4te durch unsachgem\u00e4\u00dfer Handhabung, \u00e4u\u00dfere Einfl\u00fcsse, Diebstahl etc.) und daraus resultierende Folgesch\u00e4den (Nutzungsausfall, Wiederbeschaffungskosten oder Reparaturkosten).<\/p><p>F\u00fcr die vom Mieter und seinen Besuchern eingebrachten Gegenst\u00e4nde und Requisiten, sowie alle anderen Gegenst\u00e4nde \u00fcbernimmt der Vermieter keine Haftung. Gleiches gilt f\u00fcr Diebstahl.<\/p><p>Die Haftung gilt auch f\u00fcr durch Dritte verursachte Sch\u00e4den. Besch\u00e4digte Ger\u00e4te und Einrichtungen werden zum Wiederbeschaffungspreis bzw. Wiederherstellungspreis dem Mieter in Rechnung gestellt. Jede Art von \u00c4nderung an den R\u00e4umen oder Ger\u00e4ten durch den Mieter ist untersagt, die entsprechenden Kosten zur Wiederherstellung des Ursprungszustandes werden dem Mieter berechnet.<\/p><p>Der Vermieter haftet f\u00fcr Ausfallsch\u00e4den des Mieters nur bei Vorsatz oder grober Fahrl\u00e4ssigkeit. Eine Haftung des Vermieters bei Sch\u00e4den aufgrund h\u00f6herer Gewalt ist ausgeschlossen. F\u00fcr Personen- und Materialsch\u00e4den schlie\u00dft der Vermieter die Haftung aus.<\/p><p>\u00a0<\/p><p>Urheberrecht<\/p><p>Der Mieter ist verpflichtet, die f\u00fcr alle in dem Studio und deren angrenzenden R\u00e4umen gemachten Bildaufnahmen erforderliche Leistungsschutz- und Urheberrechte sowie sonstige Rechte auf eigene Rechnung zu erwerben.<\/p><p>\u00a0<\/p><p>Recht<\/p><p>S\u00e4mtliche mietvertraglichen Gesch\u00e4ftsbeziehungen unterliegen ausschlie\u00dflich deutschem Recht. Nebenabreden zum Vertrag oder zu den AGB`s bed\u00fcrfen der Schriftform. Erf\u00fcllungsort und Gerichtsstand ist immer Dresden.<\/p><p>Stand Dresden 17.09.2017<\/p>\t\t\t\t\t\t\t\t<\/div>\n\t\t\t\t<\/div>\n\t\t\t\t\t<\/div>\n\t\t<\/div>\n\t\t\t\t\t<\/div>\n\t\t<\/section>\n\t\t\t\t<\/div>\n\t\t","protected":false},"excerpt":{"rendered":"<p>Allgemeines Der Mietvertrag kommt durch schriftliche Vereinbarung zustande, er betrifft auch die in der Mietsache enthaltenen technischen Ger\u00e4te, Anlagen sowie Gegenst\u00e4nde. Der Mieter verpflichtet sich, die angemieteten R\u00e4ume und Gegenst\u00e4nde pfleglich zu behandeln. Die R\u00e4umlichkeiten d\u00fcrfen nur zu den Ihnen angedachten Zwecken verwendet werden. Der Mieter verpflichtet sich zur Einhaltung aller gesetzlichen Vorgaben. Der Mieter [&hellip;]<\/p>\n","protected":false},"author":1,"featured_media":0,"parent":0,"menu_order":0,"comment_status":"closed","ping_status":"closed","template":"","meta":{"footnotes":""},"class_list":["post-3912","page","type-page","status-publish","hentry"],"_links":{"self":[{"href":"https:\/\/wp.7elfen.de\/index.php\/wp-json\/wp\/v2\/pages\/3912","targetHints":{"allow":["GET"]}}],"collection":[{"href":"https:\/\/wp.7elfen.de\/index.php\/wp-json\/wp\/v2\/pages"}],"about":[{"href":"https:\/\/wp.7elfen.de\/index.php\/wp-json\/wp\/v2\/types\/page"}],"author":[{"embeddable":true,"href":"https:\/\/wp.7elfen.de\/index.php\/wp-json\/wp\/v2\/users\/1"}],"replies":[{"embeddable":true,"href":"https:\/\/wp.7elfen.de\/index.php\/wp-json\/wp\/v2\/comments?post=3912"}],"version-history":[{"count":34,"href":"https:\/\/wp.7elfen.de\/index.php\/wp-json\/wp\/v2\/pages\/3912\/revisions"}],"predecessor-version":[{"id":4437,"href":"https:\/\/wp.7elfen.de\/index.php\/wp-json\/wp\/v2\/pages\/3912\/revisions\/4437"}],"wp:attachment":[{"href":"https:\/\/wp.7elfen.de\/index.php\/wp-json\/wp\/v2\/media?parent=3912"}],"curies":[{"name":"wp","href":"https:\/\/api.w.org\/{rel}","templated":true}]}}